tors of (1 + 1070/50)/((-2)/(-45))?
2, 3, 7
Suppose 1 + 7 = 4*p. Suppose p*v + 64 = 26. Let q = v + 35. What are the prime factors of q?
2
Let q(o) = o**2 + 7*o - 2. Let v be q(-7). What are the prime factors of (-2 - (v + -30))/((-4)/(-10))?
3, 5
Let o = -16 - -7. Let s be (o/3)/((-3)/39). Suppose j - 13 = s. List the prime factors of j.
2, 13
Let l(d) = -28*d + 435. What are the prime factors of l(7)?
239
List the prime factors of 1 + -2 + 0 - (-224 - 10).
233
Let k(n) = 2*n**3 + 10*n**2 + 4. Let b be k(-5). Suppose -b*g - 164 = -4*r, 3*g + 2 + 13 = 0. List the prime factors of r.
2, 3
List the prime factors of (-2980)/(-36) + 1*6/27.
83
List the prime factors of (463/4)/(6/1512*7).
3, 463
Suppose 0*u + 51*u = 104193. List the prime factors of u.
3, 227
Let y(i) = 3*i + 28. Let w(p) = -4*p - 42. Let m(k) = 5*w(k) + 7*y(k). Let v be m(12). List the prime factors of (-22)/(v*2 + 2).
11
Let h(n) = n**2 - n + 9. Let a(m) = -m**3 - 5*m**2 - 2*m + 3. Let i be a(-5). Let w(s) = -2*s + 22. Let y be w(i). What are the prime factors of h(y)?
29
Suppose 0 = -37*n + 40*n - 660. What are the prime factors of n?
2, 5, 11
Let f(q) = 2*q - 20. Let m(y) = y + 1. Let v(n) = f(n) + 3*m(n). What are the prime factors of v(22)?
3, 31
Let c(i) = i**2 + 5*i - 12. Let p be c(-7). Suppose -p*f + 234 = -0*f. Suppose -f = -b - 2*b. What are the prime factors of b?
3, 13
Suppose 30*z - 11*z = 17252. List the prime factors of z.
2, 227
Suppose 0 = 4*l - v + 27, l + 2*l - 2*v = -24. Suppose 4*f - 10 = 2*s, 2*f + 2 = 5*s + 3. List the prime factors of (0 + s)/(l/(-78)).
13
Let f be ((-24)/(-9))/((-2)/(-3)). Let i(t) be the second derivative of t**4/6 - t**3/3 - 2*t**2 + t - 8. What are the prime factors of i(f)?
2, 5
Suppose 0*f = -5*c - 2*f + 2684, -2*c + 1080 = 4*f. What are the prime factors of c?
2, 67
Let f be 4 + 15/(-5) - -12. Suppose 21*x - 384 = f*x. List the prime factors of x.
2, 3
Let f = 9 + -7. Suppose f*y + 13 = y. What are the prime factors of 1 - y - (5 - 3)?
2, 3
Let b = 154 + -600. Let v = 692 + b. What are the prime factors of v?
2, 3, 41
Let u be -3*(1 + 14/(-6)). Suppose u*h = -3*g + 10, 5*h + 2*g = -g + 14. Suppose 0 = -h*l + 101 + 171. List the prime factors of l.
2, 17
What are the prime factors of 8197/7 + -2 - -8?
11, 107
Let w = 423 + -299. List the prime factors of w.
2, 31
Suppose 18*d + 302 = 19*d. What are the prime factors of d?
2, 151
List the prime factors of -1 + ((-44)/(-55))/(2/690).
5, 11
Suppose -5*g + 3*k = 156, 5*k = -0*g - 4*g - 110. List the prime factors of g/(-7) - 24/84.
2
Let r(h) = 821*h**3 - 57*h + 57. List the prime factors of r(1).
821
Let p = 24 + -24. Suppose 3*u = -n + 67, 3*n + p*u = 5*u + 215. List the prime factors of n.
2, 5, 7
Let u(k) = 10*k**2 + 3*k - 25. What are the prime factors of u(7)?
2, 3
Let g = -343 + 2840. What are the prime factors of g?
11, 227
Suppose t + 14*c - 12*c - 77 = 0, -3*t = 2*c - 227. Let n = 15 - 11. Suppose -9 = -n*s + t. What are the prime factors of s?
3, 7
List the prime factors of (-35)/14*((-1712)/10 + 2).
3, 47
Suppose -4*d - 2*z - 18 = 0, -5*d + 2*z = -d + 22. Let m be 8/(d/(65/(-2))). Let s = 4 + m. What are the prime factors of s?
2, 7
Suppose -150 - 294 = -4*b. List the prime factors of b.
3, 37
Suppose j - 3*x = 11, -j + x + 4 - 1 = 0. Let l(s) = 26*s**2 - s + 1. Let f(t) = 24*t**2 - t + 2. Let v(r) = -2*f(r) + 3*l(r). List the prime factors of v(j).
2, 3, 5
Suppose -3342*o = -3340*o - 8194. What are the prime factors of o?
17, 241
Let d = -214 - -138. List the prime factors of 12*-3*d/48.
3, 19
Let a = -424 + 1131. What are the prime factors of a?
7, 101
Let r be 2*1 + 3 + -1. Suppose r = 5*f - 3*f. Suppose 5*k = -3*s + 80, -f*k + 4*s - 7 = -39. List the prime factors of k.
2
Let y(l) = -3*l**3 + 47*l**2 + 4*l + 33. List the prime factors of y(15).
3, 181
Let j be ((-4)/8*-62)/(-1). Suppose -4*a = -a - 3*y - 174, -3*a - y + 162 = 0. Let m = a + j. What are the prime factors of m?
2, 3
Suppose 143 = 4*v - 3*n - 37, -2*n = 5*v - 225. Let u = v - -34. What are the prime factors of u?
79
Let z = 2904 - 970. List the prime factors of z.
2, 967
List the prime factors of 6/(-10) + 55302/195.
283
Let p = -189 + 1819. List the prime factors of p.
2, 5, 163
List the prime factors of ((-2)/(-3))/((-4)/(-102)).
17
Suppose 0*u - 2*u - 6 = 4*m, -5*u - 24 = m. What are the prime factors of (-237)/u - 14/35?
47
Let k(f) = 86*f**2 + 14*f - 62. What are the prime factors of k(5)?
2, 13, 83
Let r(t) = -2*t**2 - 7*t + 8. Let x be r(-6). What are the prime factors of (-8 - 0)*143/x?
2, 13
Let y(t) = -4 - 3*t + 5*t**2 - 3 + 6. Let a = 997 - 999. List the prime factors of y(a).
5
Suppose 0*m + 3*m - 9 = 0. Suppose 0 = 3*w + 15, -4*q + m*w = -8*q - 18315. List the prime factors of (-1)/8 + q/(-120).
2, 19
Let w = 477 - 412. List the prime factors of w.
5, 13
Suppose -6*g + 2*h + 4393 = -g, -3*g + 2619 = 3*h. List the prime factors of g.
877
Suppose 4*p = 17 - 1. Suppose 0 = -2*w - 2*x + 162, p*x + 162 = 2*w - x. Let d = w + -48. What are the prime factors of d?
3, 11
Suppose -2*o - 15 = -3. Let u(c) = c**3 + 10*c**2 - 4*c + 6. List the prime factors of u(o).
2, 3, 29
Let u(h) = h**3 - 4*h**2 - 4*h + 3. Let a be u(5). List the prime factors of (3 - 49)/(a/(-12)).
3, 23
Let f = 61 + -56. Suppose -2*b + f*b = -3, 5*h - 474 = 4*b. List the prime factors of h.
2, 47
Suppose 0 = -3*b + 10*b - 91. Suppose 0 = b*f - 4*f - 45. List the prime factors of f.
5
List the prime factors of (-52788)/(-36) - (-4)/(-3).
5, 293
Let o(f) = 86*f - 4. Let k be o(1). Suppose 4*l = 402 - k. What are the prime factors of l?
2, 5
Let y = -34 + 42. What are the prime factors of y/6 + (-456)/(-9)?
2, 13
Let n = -7 - 6. Let t = n - -17. Suppose -3*b - b + 144 = 2*l, 0 = -t*b - 5*l + 132. List the prime factors of b.
2, 19
Let b(u) = -3*u + 61*u**2 + 18 + 5*u - 16. What are the prime factors of b(-1)?
61
Let j(u) = -9*u**3 + 10*u + 13*u**3 + 12 - 3*u**3 - 11*u**2. Let v = 9 - -1. List the prime factors of j(v).
2, 3
Let j(t) = -157*t + 526. What are the prime factors of j(-20)?
2, 3, 13, 47
Suppose 918 = 4*f + 2*i, 5*f + 34*i - 1146 = 32*i. What are the prime factors of f?
2, 3, 19
Let k be (-15)/5 - (-6 + 0). Let r be (-25)/k + (-9)/(-27). List the prime factors of (-2)/r - 595/(-20).
2, 3, 5
Let i = 1306 - 904. List the prime factors of i.
2, 3, 67
Let r(w) = -14*w**2 - 1. Let a be r(-1). Suppose 46 = 2*c + 4*s, -c = -s - 11 - 24. Let n = c + a. What are the prime factors of n?
2
Let u(h) = -h**3 - 6*h**2 + 6*h - 5. List the prime factors of u(-10).
5, 67
Suppose 4*y = 2*h - 82, y - 2*y - 108 = -3*h. Let f = h + 70. What are the prime factors of f?
3, 5, 7
Let f = -181 + 127. Let l = 89 + f. List the prime factors of (-2)/1 + l + 1.
2, 17
Suppose -6*v + 2892 = -3480. What are the prime factors of v?
2, 3, 59
Suppose 257 = -5*q + 5787. Suppose -298 = 4*h - 4*w - q, 404 = 2*h + w. What are the prime factors of h?
2, 101
Suppose 3*x = v - 709 + 80, x - 1907 = -3*v. List the prime factors of v.
5, 127
Let v(h) = h**3 - 6*h**2 - 9. Suppose 5*j = 24 + 11. List the prime factors of v(j).
2, 5
Let m = 140 - 139. What are the prime factors of (2 + 56)*(m - 6)/(-10)?
29
Suppose 0 = 76*x - 98585 - 144311. List the prime factors of x.
2, 17, 47
Let x = 37 - 36. Let a(q) = 145*q**3 + q**2 - q. What are the prime factors of a(x)?
5, 29
Let l(k) = k**3 + 19*k**2 + 41*k + 10. List the prime factors of l(-15).
5, 59
Let d(v) = v**3 - 6*v**2 + 2*v - 3. Let r be d(6). Suppose -5*p + r + 556 = 0. Suppose -4*a + 82 = -2*a - 4*t, -3*a + 4*t = -p. List the prime factors of a.
31
Suppose 2*i = -6, -3*p + 2*i = -3*i - 1485. What are the prime factors of p?
2, 5, 7
Let d(u) = u**2 + 16*u + 10. Suppose -8*z + 40 + 0 = 0. What are the prime factors of d(z)?
5, 23
Let d be (-62 - (-1 + 2)) + 0 + 0. What are the prime factors of (14/(-21))/(2/d)?
3, 7
Suppose -3*w = 4 + 5. What are the prime factors of (-6)/w*210/12?
5, 7
Let b(f) be the third derivative of 7*f**4/3 + f**3/3 + 8*f**2. What are the prime factors of b(1)?
2, 29
Suppose 2*o - 2*i - 159 = -615, 0 = 5*i + 15. Let t = -29 - o. List the prime factors of t.
2, 101
Suppose 2*p - 23 = z + 12, -3*z + 57 = 3*p. Let u = 30 + p. Suppose -3*h + 4*h + 4*m - 47 = 0, -5*m + u = h. List the prime factor